{"id":5077,"date":"2023-07-29T11:33:58","date_gmt":"2023-07-29T16:33:58","guid":{"rendered":"https:\/\/www.ftcvtaekwondo.com\/?page_id=5077"},"modified":"2025-08-27T14:49:09","modified_gmt":"2025-08-27T12:49:09","slug":"informacion-general","status":"publish","type":"page","link":"https:\/\/www.tkdcv.es\/val\/informacion-institucional\/informacion-general\/","title":{"rendered":"Informaci\u00f3 general"},"content":{"rendered":"<div data-elementor-type=\"wp-page\" data-elementor-id=\"5077\" class=\"elementor elementor-5077\" data-elementor-post-type=\"page\">\n\t\t\t\t\t\t<section data-particle_enable=\"false\" data-particle-mobile-disabled=\"false\" class=\"elementor-section elementor-top-section elementor-element elementor-element-39f9cdf elementor-section-boxed elementor-section-height-default elementor-section-height-default\" data-id=\"39f9cdf\" data-element_type=\"section\" data-e-type=\"section\">\n\t\t\t\t\t\t<div class=\"elementor-container elementor-column-gap-default\">\n\t\t\t\t\t<div class=\"elementor-column elementor-col-100 elementor-top-column elementor-element elementor-element-afcab39\" data-id=\"afcab39\" data-element_type=\"column\" data-e-type=\"column\">\n\t\t\t<div class=\"elementor-widget-wrap elementor-element-populated\">\n\t\t\t\t\t\t<div class=\"elementor-element elementor-element-4954f38 elementor-widget elementor-widget-spacer\" data-id=\"4954f38\" data-element_type=\"widget\" data-e-type=\"widget\" data-widget_type=\"spacer.default\">\n\t\t\t\t<div class=\"elementor-widget-container\">\n\t\t\t\t\t\t\t<div class=\"elementor-spacer\">\n\t\t\t<div class=\"elementor-spacer-inner\"><\/div>\n\t\t<\/div>\n\t\t\t\t\t\t<\/div>\n\t\t\t\t<\/div>\n\t\t\t\t<div class=\"elementor-element elementor-element-0dcf941 elementor-widget elementor-widget-heading\" data-id=\"0dcf941\" data-element_type=\"widget\" data-e-type=\"widget\" data-widget_type=\"heading.default\">\n\t\t\t\t<div class=\"elementor-widget-container\">\n\t\t\t\t\t<h2 class=\"elementor-heading-title elementor-size-medium\">INFORMACI\u00d3 GENERAL<\/h2>\t\t\t\t<\/div>\n\t\t\t\t<\/div>\n\t\t\t\t\t<\/div>\n\t\t<\/div>\n\t\t\t\t\t<\/div>\n\t\t<\/section>\n\t\t\t\t<section data-particle_enable=\"false\" data-particle-mobile-disabled=\"false\" class=\"elementor-section elementor-top-section elementor-element elementor-element-4043a1a elementor-section-boxed elementor-section-height-default elementor-section-height-default\" data-id=\"4043a1a\" data-element_type=\"section\" data-e-type=\"section\">\n\t\t\t\t\t\t<div class=\"elementor-container elementor-column-gap-default\">\n\t\t\t\t\t<div class=\"elementor-column elementor-col-100 elementor-top-column elementor-element elementor-element-57a5ce6\" data-id=\"57a5ce6\" data-element_type=\"column\" data-e-type=\"column\">\n\t\t\t<div class=\"elementor-widget-wrap elementor-element-populated\">\n\t\t\t\t\t\t<div class=\"elementor-element elementor-element-bba121f htmega-align-center elementor-widget elementor-widget-htmega-calltoaction-addons\" data-id=\"bba121f\" data-element_type=\"widget\" data-e-type=\"widget\" data-widget_type=\"htmega-calltoaction-addons.default\">\n\t\t\t\t<div class=\"elementor-widget-container\">\n\t\t\t\t\t            <div class=\"htmega-call-to-action callto-action-style-1\">\n                <div class=\"htmega-content\">\n\n                                            <h2 class=\"htmega-callto-action-title\">Convenio Trinidad Alfonso<\/h2><a class=\"call_btn\" href=\"https:\/\/www.tkdcv.es\/wp-content\/uploads\/2024\/12\/Taekwondo-convenio-3_signed-1.pdf\"><span class='call_to_action_button_one_text_progression'>Con\u00e9ixer m\u00e9s<\/span><\/a>                    \n                <\/div>\n            <\/div>\n\n        \t\t\t\t<\/div>\n\t\t\t\t<\/div>\n\t\t\t\t<div class=\"elementor-element elementor-element-d11d8e2 htmega-align-center elementor-widget elementor-widget-htmega-calltoaction-addons\" data-id=\"d11d8e2\" data-element_type=\"widget\" data-e-type=\"widget\" data-widget_type=\"htmega-calltoaction-addons.default\">\n\t\t\t\t<div class=\"elementor-widget-container\">\n\t\t\t\t\t            <div class=\"htmega-call-to-action callto-action-style-1\">\n                <div class=\"htmega-content\">\n\n                                            <h2 class=\"htmega-callto-action-title\">Codi de bon govern <\/h2><a class=\"call_btn\" href=\"https:\/\/www.tkdcv.es\/wp-content\/uploads\/2024\/07\/Codigo-de-Buen-Gobierno-Federaciones-Deportivas-CONFEDECOM-revisado-1-1-1.pdf\"><span class='call_to_action_button_one_text_progression'>Con\u00e9ixer m\u00e9s<\/span><\/a>                    \n                <\/div>\n            <\/div>\n\n        \t\t\t\t<\/div>\n\t\t\t\t<\/div>\n\t\t\t\t<div class=\"elementor-element elementor-element-0b52e24 elementor-widget elementor-widget-spacer\" data-id=\"0b52e24\" data-element_type=\"widget\" data-e-type=\"widget\" data-widget_type=\"spacer.default\">\n\t\t\t\t<div class=\"elementor-widget-container\">\n\t\t\t\t\t\t\t<div class=\"elementor-spacer\">\n\t\t\t<div class=\"elementor-spacer-inner\"><\/div>\n\t\t<\/div>\n\t\t\t\t\t\t<\/div>\n\t\t\t\t<\/div>\n\t\t\t\t<div class=\"elementor-element elementor-element-30940a6 htmega-align-center elementor-widget elementor-widget-htmega-calltoaction-addons\" data-id=\"30940a6\" data-element_type=\"widget\" data-e-type=\"widget\" data-widget_type=\"htmega-calltoaction-addons.default\">\n\t\t\t\t<div class=\"elementor-widget-container\">\n\t\t\t\t\t            <div class=\"htmega-call-to-action callto-action-style-1\">\n                <div class=\"htmega-content\">\n\n                                            <h2 class=\"htmega-callto-action-title\">Estatuts FTCV<\/h2><a class=\"call_btn\" href=\"https:\/\/drive.google.com\/file\/d\/1widVqDPzSGwqIuTJv4tRlat3oaq2U_zD\/view?usp=sharing\"><span class='call_to_action_button_one_text_progression'>Con\u00e9ixer m\u00e9s<\/span><\/a>                    \n                <\/div>\n            <\/div>\n\n        \t\t\t\t<\/div>\n\t\t\t\t<\/div>\n\t\t\t\t<div class=\"elementor-element elementor-element-b599bc6 elementor-widget elementor-widget-spacer\" data-id=\"b599bc6\" data-element_type=\"widget\" data-e-type=\"widget\" data-widget_type=\"spacer.default\">\n\t\t\t\t<div class=\"elementor-widget-container\">\n\t\t\t\t\t\t\t<div class=\"elementor-spacer\">\n\t\t\t<div class=\"elementor-spacer-inner\"><\/div>\n\t\t<\/div>\n\t\t\t\t\t\t<\/div>\n\t\t\t\t<\/div>\n\t\t\t\t<div class=\"elementor-element elementor-element-72f80c2 htmega-align-center elementor-widget elementor-widget-htmega-calltoaction-addons\" data-id=\"72f80c2\" data-element_type=\"widget\" data-e-type=\"widget\" data-widget_type=\"htmega-calltoaction-addons.default\">\n\t\t\t\t<div class=\"elementor-widget-container\">\n\t\t\t\t\t            <div class=\"htmega-call-to-action callto-action-style-1\">\n                <div class=\"htmega-content\">\n\n                                            <p class=\"htmega-callto-action-description\">Federacions esportives<\/p><h2 class=\"htmega-callto-action-title\">Guia de transpar\u00e8ncia<\/h2><a class=\"call_btn\" href=\"https:\/\/www.tkdcv.es\/wp-content\/uploads\/2023\/08\/Guia-Transparencia-federaciones-2020-12-03_-cas.pdf\"><span class='call_to_action_button_one_text_progression'>Con\u00e9ixer m\u00e9s<\/span><\/a>                    \n                <\/div>\n            <\/div>\n\n        \t\t\t\t<\/div>\n\t\t\t\t<\/div>\n\t\t\t\t<div class=\"elementor-element elementor-element-df1650f elementor-widget elementor-widget-spacer\" data-id=\"df1650f\" data-element_type=\"widget\" data-e-type=\"widget\" data-widget_type=\"spacer.default\">\n\t\t\t\t<div class=\"elementor-widget-container\">\n\t\t\t\t\t\t\t<div class=\"elementor-spacer\">\n\t\t\t<div class=\"elementor-spacer-inner\"><\/div>\n\t\t<\/div>\n\t\t\t\t\t\t<\/div>\n\t\t\t\t<\/div>\n\t\t\t\t<div class=\"elementor-element elementor-element-b9b0cfc htmega-align-center elementor-widget elementor-widget-htmega-calltoaction-addons\" data-id=\"b9b0cfc\" data-element_type=\"widget\" data-e-type=\"widget\" data-widget_type=\"htmega-calltoaction-addons.default\">\n\t\t\t\t<div class=\"elementor-widget-container\">\n\t\t\t\t\t            <div class=\"htmega-call-to-action callto-action-style-1\">\n                <div class=\"htmega-content\">\n\n                                            <p class=\"htmega-callto-action-description\">Legislaci\u00f3 Consolidada<\/p><h2 class=\"htmega-callto-action-title\">Llei de l'esport <\/h2><a class=\"call_btn\" href=\"https:\/\/www.boe.es\/buscar\/pdf\/2011\/BOE-A-2011-6874-consolidado.pdf\"><span class='call_to_action_button_one_text_progression'>Con\u00e9ixer m\u00e9s<\/span><\/a>                    \n                <\/div>\n            <\/div>\n\n        \t\t\t\t<\/div>\n\t\t\t\t<\/div>\n\t\t\t\t<div class=\"elementor-element elementor-element-79db128 elementor-widget elementor-widget-embedpress_pdf\" data-id=\"79db128\" data-element_type=\"widget\" data-e-type=\"widget\" data-widget_type=\"embedpress_pdf.default\">\n\t\t\t\t<div class=\"elementor-widget-container\">\n\t\t\t\t\t    <div class=\"embedpress-document-embed ep-doc-ea886f63f7e6027af5c0b76e3d1d6754 ose-document emebedpress-unit-px\" data-thememode=\"default\" data-customcolor=\"\" data-toolbar=\"yes\" data-toolbar-position=\"top\" data-open=\"no\" data-presentation-mode=\"yes\" data-download=\"yes\" data-copy=\"yes\" data-add-image=\"yes\" data-rotate=\"yes\" data-details=\"yes\" data-id=\"embedpress-pdf-79db128\" data-selection-tool=\"0\" data-scrolling=\"0\" data-spreads=\"-1\" style=\" max-width:100%; display: inline-block\">\n\n        \n    <\/div>\n\n\t\t\t\t<\/div>\n\t\t\t\t<\/div>\n\t\t\t\t\t<\/div>\n\t\t<\/div>\n\t\t\t\t\t<\/div>\n\t\t<\/section>\n\t\t\t\t<\/div>","protected":false},"excerpt":{"rendered":"<p>INFORMACI\u00d3N GENERAL Convenio Trinidad Alfonso Conocer m\u00e1s Codigo de buen gobierno Conocer m\u00e1s Estatutos FTCV Conocer m\u00e1s Federaciones deportivas Gu\u00eda de transparencia Conocer m\u00e1s Legislaci\u00f3n Consolidada Ley del deporte Conocer m\u00e1s<\/p>","protected":false},"author":1,"featured_media":0,"parent":5075,"menu_order":0,"comment_status":"closed","ping_status":"closed","template":"page-templates\/no-wrapper.php","meta":{"footnotes":""},"class_list":["post-5077","page","type-page","status-publish"],"_links":{"self":[{"href":"https:\/\/www.tkdcv.es\/val\/wp-json\/wp\/v2\/pages\/5077","targetHints":{"allow":["GET"]}}],"collection":[{"href":"https:\/\/www.tkdcv.es\/val\/wp-json\/wp\/v2\/pages"}],"about":[{"href":"https:\/\/www.tkdcv.es\/val\/wp-json\/wp\/v2\/types\/page"}],"author":[{"embeddable":true,"href":"https:\/\/www.tkdcv.es\/val\/wp-json\/wp\/v2\/users\/1"}],"replies":[{"embeddable":true,"href":"https:\/\/www.tkdcv.es\/val\/wp-json\/wp\/v2\/comments?post=5077"}],"version-history":[{"count":0,"href":"https:\/\/www.tkdcv.es\/val\/wp-json\/wp\/v2\/pages\/5077\/revisions"}],"up":[{"embeddable":true,"href":"https:\/\/www.tkdcv.es\/val\/wp-json\/wp\/v2\/pages\/5075"}],"wp:attachment":[{"href":"https:\/\/www.tkdcv.es\/val\/wp-json\/wp\/v2\/media?parent=5077"}],"curies":[{"name":"wp","href":"https:\/\/api.w.org\/{rel}","templated":true}]}}